 Let l(i) = i**3 + 18*i**2 - 3*i - 3. Give l(a).
51
Let g be (-1 + 2)*((-10)/12)/((-71)/(-426)). Let n(f) = -f**3 - 3*f**2 - 4*f - 9. Calculate n(g).
61
Let d(n) = 26*n**2 + n**3 - 438*n + 103 - 439*n + 882*n. What is d(-26)?
-27
Let z(l) = -l**3 - 2*l**2 + 2*l + 2. Suppose 0 = -5*g + n + 1755, 3*g + 18*n - 1046 = 20*n. Suppose -g*k + 345*k = -14. Calculate z(k).
-10
Let t(u) be the third derivative of -u**4/8 + u**3/2 + 5*u**2 + 5*u. Let c(s) = s**2 + 11*s + 5. Let m be c(-9). Let i = m - -16. Determine t(i).
-6
Let w(a) = 0*a + 5*a + 1176 - 2321 + 1159. Calculate w(-8).
-26
Let i(b) = -b + 45. Let u be i(14). Suppose -u = 7*c + 11. Let s(q) = -6*q - 7. What is s(c)?
29
Let p(g) = g**3 - 5*g**2 + 14*g - 38. Let a be p(4). Suppose -10 = a*y, -4*y + 0 = 2*c + 8. Let s(t) = -t**3 + 6*t**2 + 3. What is s(c)?
3
Let l(j) = j**2 - 10*j + 42. Let m be l(6). Let z(n) = -5*n - m - n + 21. Determine z(-3).
21
Let v(r) be the first derivative of r**2/2 - 3*r + 219. Calculate v(-3).
-6
Let b(x) = -58*x + 2304 - 2219 + 78*x. What is b(-7)?
-55
Let k(q) = -61*q - 426. Let n = -24334 + 24327. Calculate k(n).
1
Let x(f) = -3 + 6 - 2 + 8*f + 0. Let q(c) = -12*c + 7. Let m be q(-3). Suppose m*r = 49*r + 12. Calculate x(r).
-15
Let f = 20511 + -20512. Let r(x) = -15*x**3 - x**2 - 3*x - 1. Give r(f).
16
Suppose 4*q = -3*r + 16, -5*q + 20 = r + r. Let o(z) be the third derivative of -z**6/120 + z**5/10 - 5*z**4/24 - z**3/2 + 4*z**2 + 1105*z. What is o(q)?
9
Let c(u) = -u**3 + 17*u**2 - 14*u - 21. Suppose 9*s + 4 = -2*j, -7*s + 36 = 3*j - 4*s. Give c(j).
11
Let a(c) = -c**3 + 34*c**2 - 239*c - 35. Let g be a(24). Let d(q) = -3*q + 1. Calculate d(g).
34
Let q(k) be the first derivative of 4 + 2889*k**2 + 13 - 2888*k**2 + 5*k. Give q(-4).
-3
Suppose -11*l + 335 = -1337. Let k = -154 + l. Let u(z) = 3*z - 2. Let f(s) = 5*s - 1. Let m(r) = k*f(r) + 3*u(r). Calculate m(-6).
2
Let f(v) = -6*v**2 - 3*v - 1. Let t = -7 + 9. Let r(a) = -2*a + 11. Let j be r(t). Suppose 0 = -3*z + 8*z - 3*g + j, -2*z + 4*g = 0. What is f(z)?
-19
Let k(d) = -d**3 + 5*d**2 + 2. Suppose 0 = -10*o + 6*o + 832. Suppose -191 = -3*g + 5*u - 18, u = 4*g - o. Suppose 7*c + 16 = g. Give k(c).
2
Let p(l) = l**2 - 11*l - 10. Suppose 2*n = 8, 0 = -2*g + 5*n - 1 - 5. Determine p(g).
-38
Let g(n) = -2213*n + 1077*n + 92*n**3 - 2 + 1138*n. Calculate g(1).
92
Let j(b) = 9*b**2 + 14*b - 13. Let q(u) = -16*u**2 - 24*u + 27. Let d(s) = 7*j(s) + 4*q(s). What is d(5)?
2
Suppose 4*h + 5*h - 153 = 0. Let x(q) = -27*q + 1 + h*q - 2 - q**2 + 0. Determine x(-9).
8
Let v be 0 + (-3 - -1 - -10). Let j(g) = 3*g + 18. Let s be j(-5). Let p(r) = -8*r**2 + 12 + 3*r**3 + 3*r + r**3 - s*r**3 - 4*r - 3. What is p(v)?
1
Let w(m) = -3*m - 12. Let k(r) = -7*r - 23. Let c(u) = -2*u**2 - u + 31. Let o be c(4). Let x(y) = o*w(y) + 2*k(y). Determine x(-10).
4
Suppose -20 = x + 157*m - 153*m, -2*m = -5*x + 32. Let f(i) = -i**2 + 8*i + 5. Determine f(x).
21
Suppose -7*y - 2964 = -2978. Let l(s) be the first derivative of y*s + 1/3*s**3 - 7/2*s**2 - 14. Give l(7).
2
Let d(m) = m**3 - 15*m**2 + 43*m + 16. Let b be d(11). Let q(z) be the third derivative of -z**6/120 + z**5/10 - z**4/6 + z**3 - 3*z**2. Calculate q(b).
11
Let r(a) = 20 + 16 - 12*a + 55. Let u be r(8). Let g(s) = s**3 + 3*s**2 - 8*s + 12. Calculate g(u).
2
Let i(h) = 3*h - h**2 + 4 + 2*h**3 - h**3 - 4*h**2. Let w be i(4). Let d(s) = s + 1. Let l(g) = -g**2 - 4*g + 21. Let a(k) = -3*d(k) - l(k). Calculate a(w).
-24
Let j(u) = -2*u**2 + 2*u + 1. Let l(q) be the first derivative of q**4/4 - 2*q**3 + 13*q**2/2 - 18*q - 71. Let d be l(4). Give j(d).
-3
Let f = -18098 - -18107. Let d(a) = 28*a - 254. Give d(f).
-2
Let p(t) = 9*t - 5. Let q(d) = -10*d + 6. Let a(c) = 6*p(c) + 5*q(c). Let g(h) = -7*h. Let k(y) = 10*a(y) + 6*g(y). Let f = -2385 - -2392. Determine k(f).
-14
Let x be (-1 + 10)/(6/(-4)). Let f(t) be the third derivative of -t**4/24 - t**3 + 2*t**2 + 384*t. Calculate f(x).
0
Suppose -4*g + 8 = -2*w, -w + 0*w = 0. Let u(a) = -3*a**2 + 3*a**2 + a**g - 6 - 6*a. Suppose 1343*j - 1282*j = 366. Determine u(j).
-6
Suppose 5*p = 560 + 300. Let b(k) = -178*k + 8 + 13 + p*k. Determine b(6).
-15
Let j(x) be the first derivative of -12 + 10 - 5*x - x**2 + 25 + 3*x**2. Suppose -3*s = 2*s + 20. What is j(s)?
-21
Let b(x) = x**3 + 19*x**2 + 15*x - 60. Let k = 7169 - 7187. Give b(k).
-6
Let c(k) = k**2 + 9*k + 32. Suppose 0 = 34*h + 47*h - 79*h + 10. Give c(h).
12
Let z be (48/4)/((-64)/(-10) - (55 - 49)). Let f(h) = -h**3 + 28*h**2 + 59*h + 34. Calculate f(z).
4
Let d(c) = 6*c**2 - 41*c - 4. Let x(l) = -6*l**2 + 28*l + 497. Let b be x(-7). Give d(b).
3
Let w(l) = 5*l + 1 + 180*l**2 + 202*l**2 - 383*l**2. Suppose -60 = -2*f - 5*k, -2*k = 3*f - 0*k - 90. Let m be 8/12*f/4. What is w(m)?
1
Let m(p) = -12*p**3 + 2*p**2 - 1. Let f = -16 - -37. Suppose 0*o + 40 = 4*o. Let l be (f/(-70))/((-12)/o)*-4. Give m(l).
13
Let r(x) = -8*x - 1. Let j be ((-34)/4*-3)/((-9)/(-24)). Let k be (-1)/2*j/(-34). Give r(k).
-9
Let h(w) = w**2 - 11*w + 14. Let g be h(13). Let r(n) = -1 - 12*n - 7*n**3 - 17*n + g*n - 13*n. Determine r(-1).
8
Let p(s) = s**3 + 13*s**2 - 20*s - 77. Suppose -3*z + 2*q = 26, -1269*q + 22 = -z - 1270*q. What is p(z)?
7
Let t(l) = 6*l**2 + 3*l - 3. Let z be (-3 - 13/(-5)) + 492/30. Let k be (z/5)/8*5. Calculate t(k).
27
Let h be ((-15)/4)/((-18)/24). Suppose 5*y + 5 = 7*c - 2*c, 4*y = -h*c + 5. Let w(u) = 5*u + 2. Give w(c).
7
Let r be 2/(-4)*(249 - 33). Let z = -116 - r. Let x(s) = -s**2 - 8*s - 10. What is x(z)?
-10
Let y(m) be the second derivative of -5*m**4/6 + m**3/6 - m**2/2 - 3*m - 658. Calculate y(2).
-39
Let l(y) = -32*y + 1. Suppose -8*a - 333 - 19 = 0. Let u = -43 - a. What is l(u)?
-31
Let g(u) = -175 - 196 + 4*u**2 - 15*u - 3*u**2 + 409. Give g(11).
-6
Let z(c) = -174 + 83 - 8*c + 81. Let l(r) = -7*r - 10. Let q(i) = 7*l(i) - 6*z(i). Let u(j) = -j - 9. Let m(h) = 4*q(h) - 5*u(h). Give m(-5).
0
Let a = 203 + -201. Let i be 5/(25/6)*5. Let f(h) = -i + h**a + 2*h + 13 + h. What is f(-5)?
17
Let d(f) = -5*f - 21. Suppose 0 = -2*p - 110*p - 213*p + 975. What is d(p)?
-36
Let t(y) = -y - 3. Let u be t(-3). Let v(q) = q**3 + 21*q**2 + 21*q - 23. Let n(c) = c**3 + 23*c**2 + 23*c - 24. Let x(j) = -11*n(j) + 12*v(j). Give x(u).
-12
Let p(v) = 3 + 2 - 4 - 495*v + 487*v. Let f(m) = 7*m - 1. Let y be 3/(-2) + 375/50. Let x(s) = y*f(s) + 5*p(s). What is x(2)?
3
Suppose 11*f - 3 = 8. Let o be f/(-3) - (-55)/(-33). Let g(m) = -2*m - 1. Calculate g(o).
3
Let b(p) = -13*p - 746. Let k be b(-57). Let u(g) = 156 - 75 + g**2 + 6*g - 84. Give u(k).
-8
Let n(k) = 4*k**3 + 5*k**2 - 4*k + 8. Let g(u) = 5*u**3 + 4*u**2 - 3*u + 7. Let m(p) = 5*g(p) - 6*n(p). Let r be (908/681)/(8/54). What is m(r)?
-13
Let g(a) = a**3 + 4*a**2 - 6*a - 1. Let q(y) = -2*y**2 + 20*y + 36. Let v be q(16). Let w = 151 + v. Determine g(w).
4
Let r(u) = -13*u**2 + 6*u - 27. Let c(l) = -15*l**2 + 6*l - 34. Let m(j) = 6*c(j) - 7*r(j). Suppose 5*n - 7 = 4*n. Calculate m(n).
-8
Suppose 17*f + 77 + 128 = -135. Let w(y) = -y**2 - 21*y + 20. What is w(f)?
40
Let x(i) = -i**3 - 2*i**2 + 4*i - 7. Let r = 91 - 93. Let a be (12/(-30))/(4/(-80)*r). Give x(a).
9
Let l = 229 - 111. Let w = l + -122. Let i(u) = u**3 + 6*u**2 + 5*u. What is i(w)?
12
Let g(s) = s**2 - 10*s + 10. Let t be (1 - 2*-5) + 40/(-8). Suppose 38 = t*n - 22. Determine g(n).
10
Suppose 0 = -4*s - 25 + 69. Suppose 2*y = 5*o + 55, -o = -3*y + 4*y + s. Let j(v) = -5*v - 60. Give j(o).
-5
Let v(b) = 10*b + 2. Let r(j) = 44*j + 5. Let n(l) = r(l) - 5*v(l). Let p(c) = -c**2 - c + 2. Let a be p(-3). What is n(a)?
19
Suppose -428 = -326*v + 312 - 88. Let j(h) be the third derivative of -1/12*h**5 + 0*h**3 - 12*h**v + 0 + 1/24*h**4 + 0*h. Determine j(-1).
-6
Suppose 6*j - 6 = -6. Suppose j = n, 3*a + 3*n + 8 = a. Let g(o) = o**3 + 4*o**2 + 6. Determine g(a).
6
Let u(v) = -v**2 - 7*v + 23. Let q be 33/(15 + -12) - 21. Give u(q).
-7
Let h(k) = -2*k**2 + 23*k**2 + 18*k - 13*k**2 + 10 + k**3 + 2*k**2. Give h(-8).
-6
Let b(s) = -4*s**3 - 7*s**2 - 12*s - 16. Let v(l) = -2*l**3 - l**2 + l - 3. Let d(a) = -b(a) + 3*v(a). What is d(5)?
-68
Let m(r) = 538*r + 562*r + 543*r + 14 - 4*r**2 - 1619*r. Give m(6).
14
Let g(w) = -4*w**3 - 2*w**2 - 4*w - 7. Let j(x) = 33*x - 5*x**2 - 7*